{"id":294,"date":"2021-02-26T10:58:32","date_gmt":"2021-02-26T09:58:32","guid":{"rendered":"http:\/\/www.ticommunication.sg\/?post_type=tribe_organizer&#038;p=294"},"modified":"2025-05-02T13:01:56","modified_gmt":"2025-05-02T11:01:56","slug":"stephan-hild","status":"publish","type":"tribe_organizer","link":"https:\/\/www.ticommunication.eu\/de\/expert\/stephan-hild\/","title":{"rendered":"Stephan Emanuel Hild"},"content":{"rendered":"<h4><em>\u201eWer sich seiner eigenkulturellen Pr\u00e4gung bewusst ist, hat 90% des Weges zu einer universellen interkulturellen Kompetenz zur\u00fcckgelegt.\u201d<\/em><\/h4>\n<p>Stephan Hild verf\u00fcgt \u00fcber 25 Jahre Berufserfahrung als Diplom-Kaufmann und Umweltwissenschaftler (M.Sc) in global operierenden Unternehmen, Organisationen und Verb\u00e4nden, wo er internationale Projekte koordinierte und leitete. Auch im interkulturellen Business Development weist der Trainer jahrelange Erfahrung vor, 10 Jahre davon als Head of Business Development in internationalen Umwelttechnologiem\u00e4rkten. Seit 2015 ist Stephan Hild als zertifizierter interkultureller Trainer, Coach und Mediator sowie im Bereich Change Management t\u00e4tig. Durch seine Langzeitaufenthalte in den USA, Indien, den Niederlanden und Portugal ist er erfahren im Umgang mit multinationalen Teams, angefangen bei F\u00fchrungskr\u00e4ften bis hin zu Fachkr\u00e4ften und Ingenieuren, zum Beispiel arbeitete er als Key-Account-Manager f\u00fcr die Weltbank in Washington D.C. Stephan Hild kann auf vielf\u00e4ltige Erfahrungen im internationalen Gesch\u00e4ftsleben zur\u00fcckgreifen. Interkulturelle Sensibilit\u00e4t und wirtschaftliches Denken zu vereinen z\u00e4hlt zu seinen St\u00e4rken.<\/p>\n<p>&nbsp;<\/p>\n<h4>Trainings- und Consultingschwerpunkte<\/h4>\n<ul>\n<li>Interkulturelle Kompetenz in der internationalen Gesch\u00e4ftst\u00e4tigkeit<\/li>\n<li>Interkulturelles Teambuilding: von der internationalen Arbeitsgruppe zum high-performing Team<\/li>\n<li>Organisationsentwicklung im internationalen Kontext<\/li>\n<li>Die Zukunft der Arbeit gestalten: Schritt f\u00fcr Schritt in Richtung New Work<\/li>\n<li>Train the (Online) Trainer: lebendige Sessions im virtuellen Raum<\/li>\n<li>Interkulturelle Vertriebs-und Messetrainings<\/li>\n<li>Interkulturelles Coaching f\u00fcr F\u00fchrungskr\u00e4fte<\/li>\n<li>Entsendevorbereitung: Vorbereitung auf den Gang ins Ausland<\/li>\n<li>Welcome to Germany: living and working in Germany<\/li>\n<li>L\u00e4nderspezifische Trainings: Indien, Brasilien, Deutschland, USA, Niederlande, Singapur, Portugal, Bangladesch, Nepal<\/li>\n<\/ul>\n<p>&nbsp;<\/p>\n<h4>Stephan Emanuel Hild stellt sich vor:<\/h4>\n<div style=\"width: 1220px;\" class=\"wp-video\"><video class=\"wp-video-shortcode\" id=\"video-294-1\" width=\"1220\" height=\"686\" preload=\"metadata\" controls=\"controls\"><source type=\"video\/mp4\" src=\"https:\/\/www.ticommunication.eu\/wp-content\/uploads\/2021\/02\/ti_communication_EXPERT_-_Stephan_Hild_-DE-komprimiert.mp4?_=1\" \/><a href=\"https:\/\/www.ticommunication.eu\/wp-content\/uploads\/2021\/02\/ti_communication_EXPERT_-_Stephan_Hild_-DE-komprimiert.mp4\">https:\/\/www.ticommunication.eu\/wp-content\/uploads\/2021\/02\/ti_communication_EXPERT_-_Stephan_Hild_-DE-komprimiert.mp4<\/a><\/video><\/div>\n","protected":false},"excerpt":{"rendered":"<p>\u201eWer sich seiner eigenkulturellen Pr\u00e4gung bewusst ist, hat 90% des Weges zu einer universellen interkulturellen Kompetenz zur\u00fcckgelegt.\u201d Stephan Hild verf\u00fcgt \u00fcber 25 Jahre Berufserfahrung als Diplom-Kaufmann<span class=\"excerpt-hellip\"> [\u2026]<\/span><\/p>\n","protected":false},"author":2,"featured_media":11529,"template":"","meta":{"_custom_body_class":"","_custom_post_class":"","rs_blank_template":"","rs_page_bg_color":"","slide_template_v7":"","_price":"","_stock":"","_tribe_ticket_header":"","_tribe_default_ticket_provider":"","_tribe_ticket_capacity":"0","_ticket_start_date":"","_ticket_end_date":"","_tribe_ticket_show_description":"","_tribe_ticket_show_not_going":false,"_tribe_ticket_use_global_stock":"","_tribe_ticket_global_stock_level":"","_global_stock_mode":"","_global_stock_cap":"","_tribe_rsvp_for_event":"","_tribe_ticket_going_count":"","_tribe_ticket_not_going_count":"","_tribe_tickets_list":"[]","_tribe_ticket_has_attendee_info_fields":false,"footnotes":""},"class_list":["post-294","tribe_organizer","type-tribe_organizer","status-publish","has-post-thumbnail","hentry"],"yoast_head":"<!-- This site is optimized with the Yoast SEO plugin v27.3 - https:\/\/yoast.com\/product\/yoast-seo-wordpress\/ -->\n<title>Stephan Emanuel Hild - ticommunication<\/title>\n<meta name=\"robots\" content=\"index, follow, max-snippet:-1, max-image-preview:large, max-video-preview:-1\" \/>\n<link rel=\"canonical\" href=\"https:\/\/www.ticommunication.eu\/de\/expert\/stephan-hild\/\" \/>\n<meta property=\"og:locale\" content=\"de_DE\" \/>\n<meta property=\"og:type\" content=\"article\" \/>\n<meta property=\"og:title\" content=\"Stephan Emanuel Hild - ticommunication\" \/>\n<meta property=\"og:description\" content=\"\u201eWer sich seiner eigenkulturellen Pr\u00e4gung bewusst ist, hat 90% des Weges zu einer universellen interkulturellen Kompetenz zur\u00fcckgelegt.\u201d Stephan Hild verf\u00fcgt \u00fcber 25 Jahre Berufserfahrung als Diplom-Kaufmann [\u2026]\" \/>\n<meta property=\"og:url\" content=\"https:\/\/www.ticommunication.eu\/de\/expert\/stephan-hild\/\" \/>\n<meta property=\"og:site_name\" content=\"ticommunication\" \/>\n<meta property=\"article:modified_time\" content=\"2025-05-02T11:01:56+00:00\" \/>\n<meta property=\"og:image\" content=\"https:\/\/www.ticommunication.eu\/wp-content\/uploads\/2021\/03\/Stephan-Hild-hochkant.png\" \/>\n\t<meta property=\"og:image:width\" content=\"500\" \/>\n\t<meta property=\"og:image:height\" content=\"700\" \/>\n\t<meta property=\"og:image:type\" content=\"image\/png\" \/>\n<meta name=\"twitter:card\" content=\"summary_large_image\" \/>\n<meta name=\"twitter:label1\" content=\"Gesch\u00e4tzte Lesezeit\" \/>\n\t<meta name=\"twitter:data1\" content=\"2\u00a0Minuten\" \/>\n<script type=\"application\/ld+json\" class=\"yoast-schema-graph\">{\"@context\":\"https:\\\/\\\/schema.org\",\"@graph\":[{\"@type\":\"WebPage\",\"@id\":\"https:\\\/\\\/www.ticommunication.eu\\\/de\\\/expert\\\/stephan-hild\\\/\",\"url\":\"https:\\\/\\\/www.ticommunication.eu\\\/de\\\/expert\\\/stephan-hild\\\/\",\"name\":\"Stephan Emanuel Hild - ticommunication\",\"isPartOf\":{\"@id\":\"https:\\\/\\\/https\\\/\\\/www.ticommunication.eu\\\/de\\\/de\\\/#website\"},\"primaryImageOfPage\":{\"@id\":\"https:\\\/\\\/www.ticommunication.eu\\\/de\\\/expert\\\/stephan-hild\\\/#primaryimage\"},\"image\":{\"@id\":\"https:\\\/\\\/www.ticommunication.eu\\\/de\\\/expert\\\/stephan-hild\\\/#primaryimage\"},\"thumbnailUrl\":\"https:\\\/\\\/www.ticommunication.eu\\\/wp-content\\\/uploads\\\/2021\\\/03\\\/Stephan-Hild-hochkant.png\",\"datePublished\":\"2021-02-26T09:58:32+00:00\",\"dateModified\":\"2025-05-02T11:01:56+00:00\",\"breadcrumb\":{\"@id\":\"https:\\\/\\\/www.ticommunication.eu\\\/de\\\/expert\\\/stephan-hild\\\/#breadcrumb\"},\"inLanguage\":\"de\",\"potentialAction\":[{\"@type\":\"ReadAction\",\"target\":[\"https:\\\/\\\/www.ticommunication.eu\\\/de\\\/expert\\\/stephan-hild\\\/\"]}]},{\"@type\":\"ImageObject\",\"inLanguage\":\"de\",\"@id\":\"https:\\\/\\\/www.ticommunication.eu\\\/de\\\/expert\\\/stephan-hild\\\/#primaryimage\",\"url\":\"https:\\\/\\\/www.ticommunication.eu\\\/wp-content\\\/uploads\\\/2021\\\/03\\\/Stephan-Hild-hochkant.png\",\"contentUrl\":\"https:\\\/\\\/www.ticommunication.eu\\\/wp-content\\\/uploads\\\/2021\\\/03\\\/Stephan-Hild-hochkant.png\",\"width\":500,\"height\":700},{\"@type\":\"BreadcrumbList\",\"@id\":\"https:\\\/\\\/www.ticommunication.eu\\\/de\\\/expert\\\/stephan-hild\\\/#breadcrumb\",\"itemListElement\":[{\"@type\":\"ListItem\",\"position\":1,\"name\":\"Startseite\",\"item\":\"https:\\\/\\\/www.ticommunication.eu\\\/de\\\/\"},{\"@type\":\"ListItem\",\"position\":2,\"name\":\"Stephan Emanuel Hild\"}]},{\"@type\":\"WebSite\",\"@id\":\"https:\\\/\\\/https\\\/\\\/www.ticommunication.eu\\\/de\\\/de\\\/#website\",\"url\":\"https:\\\/\\\/https\\\/\\\/www.ticommunication.eu\\\/de\\\/de\\\/\",\"name\":\"ticommunication\",\"description\":\"think inclusively\",\"potentialAction\":[{\"@type\":\"SearchAction\",\"target\":{\"@type\":\"EntryPoint\",\"urlTemplate\":\"https:\\\/\\\/https\\\/\\\/www.ticommunication.eu\\\/de\\\/de\\\/?s={search_term_string}\"},\"query-input\":{\"@type\":\"PropertyValueSpecification\",\"valueRequired\":true,\"valueName\":\"search_term_string\"}}],\"inLanguage\":\"de\"}]}<\/script>\n<!-- \/ Yoast SEO plugin. -->","yoast_head_json":{"title":"Stephan Emanuel Hild - ticommunication","robots":{"index":"index","follow":"follow","max-snippet":"max-snippet:-1","max-image-preview":"max-image-preview:large","max-video-preview":"max-video-preview:-1"},"canonical":"https:\/\/www.ticommunication.eu\/de\/expert\/stephan-hild\/","og_locale":"de_DE","og_type":"article","og_title":"Stephan Emanuel Hild - ticommunication","og_description":"\u201eWer sich seiner eigenkulturellen Pr\u00e4gung bewusst ist, hat 90% des Weges zu einer universellen interkulturellen Kompetenz zur\u00fcckgelegt.\u201d Stephan Hild verf\u00fcgt \u00fcber 25 Jahre Berufserfahrung als Diplom-Kaufmann [\u2026]","og_url":"https:\/\/www.ticommunication.eu\/de\/expert\/stephan-hild\/","og_site_name":"ticommunication","article_modified_time":"2025-05-02T11:01:56+00:00","og_image":[{"width":500,"height":700,"url":"https:\/\/www.ticommunication.eu\/wp-content\/uploads\/2021\/03\/Stephan-Hild-hochkant.png","type":"image\/png"}],"twitter_card":"summary_large_image","twitter_misc":{"Gesch\u00e4tzte Lesezeit":"2\u00a0Minuten"},"schema":{"@context":"https:\/\/schema.org","@graph":[{"@type":"WebPage","@id":"https:\/\/www.ticommunication.eu\/de\/expert\/stephan-hild\/","url":"https:\/\/www.ticommunication.eu\/de\/expert\/stephan-hild\/","name":"Stephan Emanuel Hild - ticommunication","isPartOf":{"@id":"https:\/\/https\/\/www.ticommunication.eu\/de\/de\/de\/#website"},"primaryImageOfPage":{"@id":"https:\/\/www.ticommunication.eu\/de\/expert\/stephan-hild\/#primaryimage"},"image":{"@id":"https:\/\/www.ticommunication.eu\/de\/expert\/stephan-hild\/#primaryimage"},"thumbnailUrl":"https:\/\/www.ticommunication.eu\/wp-content\/uploads\/2021\/03\/Stephan-Hild-hochkant.png","datePublished":"2021-02-26T09:58:32+00:00","dateModified":"2025-05-02T11:01:56+00:00","breadcrumb":{"@id":"https:\/\/www.ticommunication.eu\/de\/expert\/stephan-hild\/#breadcrumb"},"inLanguage":"de","potentialAction":[{"@type":"ReadAction","target":["https:\/\/www.ticommunication.eu\/de\/expert\/stephan-hild\/"]}]},{"@type":"ImageObject","inLanguage":"de","@id":"https:\/\/www.ticommunication.eu\/de\/expert\/stephan-hild\/#primaryimage","url":"https:\/\/www.ticommunication.eu\/wp-content\/uploads\/2021\/03\/Stephan-Hild-hochkant.png","contentUrl":"https:\/\/www.ticommunication.eu\/wp-content\/uploads\/2021\/03\/Stephan-Hild-hochkant.png","width":500,"height":700},{"@type":"BreadcrumbList","@id":"https:\/\/www.ticommunication.eu\/de\/expert\/stephan-hild\/#breadcrumb","itemListElement":[{"@type":"ListItem","position":1,"name":"Startseite","item":"https:\/\/www.ticommunication.eu\/de\/"},{"@type":"ListItem","position":2,"name":"Stephan Emanuel Hild"}]},{"@type":"WebSite","@id":"https:\/\/https\/\/www.ticommunication.eu\/de\/de\/de\/#website","url":"https:\/\/https\/\/www.ticommunication.eu\/de\/de\/de\/","name":"ticommunication","description":"think inclusively","potentialAction":[{"@type":"SearchAction","target":{"@type":"EntryPoint","urlTemplate":"https:\/\/https\/\/www.ticommunication.eu\/de\/de\/de\/?s={search_term_string}"},"query-input":{"@type":"PropertyValueSpecification","valueRequired":true,"valueName":"search_term_string"}}],"inLanguage":"de"}]}},"_links":{"self":[{"href":"https:\/\/www.ticommunication.eu\/de\/wp-json\/wp\/v2\/tribe_organizer\/294","targetHints":{"allow":["GET"]}}],"collection":[{"href":"https:\/\/www.ticommunication.eu\/de\/wp-json\/wp\/v2\/tribe_organizer"}],"about":[{"href":"https:\/\/www.ticommunication.eu\/de\/wp-json\/wp\/v2\/types\/tribe_organizer"}],"author":[{"embeddable":true,"href":"https:\/\/www.ticommunication.eu\/de\/wp-json\/wp\/v2\/users\/2"}],"version-history":[{"count":0,"href":"https:\/\/www.ticommunication.eu\/de\/wp-json\/wp\/v2\/tribe_organizer\/294\/revisions"}],"wp:featuredmedia":[{"embeddable":true,"href":"https:\/\/www.ticommunication.eu\/de\/wp-json\/wp\/v2\/media\/11529"}],"wp:attachment":[{"href":"https:\/\/www.ticommunication.eu\/de\/wp-json\/wp\/v2\/media?parent=294"}],"curies":[{"name":"wp","href":"https:\/\/api.w.org\/{rel}","templated":true}]}}

<h4><em>„Wer sich seiner eigenkulturellen Prägung bewusst ist, hat 90% des Weges zu einer universellen interkulturellen Kompetenz zurückgelegt.”</em></h4>
<p>Stephan Hild verfügt über 25 Jahre Berufserfahrung als Diplom-Kaufmann und Umweltwissenschaftler (M.Sc) in global operierenden Unternehmen, Organisationen und Verbänden, wo er internationale Projekte koordinierte und leitete. Auch im interkulturellen Business Development weist der Trainer jahrelange Erfahrung vor, 10 Jahre davon als Head of Business Development in internationalen Umwelttechnologiemärkten. Seit 2015 ist Stephan Hild als zertifizierter interkultureller Trainer, Coach und Mediator sowie im Bereich Change Management tätig. Durch seine Langzeitaufenthalte in den USA, Indien, den Niederlanden und Portugal ist er erfahren im Umgang mit multinationalen Teams, angefangen bei Führungskräften bis hin zu Fachkräften und Ingenieuren, zum Beispiel arbeitete er als Key-Account-Manager für die Weltbank in Washington D.C. Stephan Hild kann auf vielfältige Erfahrungen im internationalen Geschäftsleben zurückgreifen. Interkulturelle Sensibilität und wirtschaftliches Denken zu vereinen zählt zu seinen Stärken.</p>
<p>&nbsp;</p>
<h4>Trainings- und Consultingschwerpunkte</h4>
<ul>
<li>Interkulturelle Kompetenz in der internationalen Geschäftstätigkeit</li>
<li>Interkulturelles Teambuilding: von der internationalen Arbeitsgruppe zum high-performing Team</li>
<li>Organisationsentwicklung im internationalen Kontext</li>
<li>Die Zukunft der Arbeit gestalten: Schritt für Schritt in Richtung New Work</li>
<li>Train the (Online) Trainer: lebendige Sessions im virtuellen Raum</li>
<li>Interkulturelle Vertriebs-und Messetrainings</li>
<li>Interkulturelles Coaching für Führungskräfte</li>
<li>Entsendevorbereitung: Vorbereitung auf den Gang ins Ausland</li>
<li>Welcome to Germany: living and working in Germany</li>
<li>Länderspezifische Trainings: Indien, Brasilien, Deutschland, USA, Niederlande, Singapur, Portugal, Bangladesch, Nepal</li>
</ul>
<p>&nbsp;</p>
<h4>Stephan Emanuel Hild stellt sich vor:</h4>
<div style="width: 1220px;" class="wp-video"><video class="wp-video-shortcode" id="video-294-1" width="1220" height="686" preload="metadata" controls="controls"><source type="video/mp4" src="https://www.ticommunication.eu/wp-content/uploads/2021/02/ti_communication_EXPERT_-_Stephan_Hild_-DE-komprimiert.mp4?_=1" /><a href="https://www.ticommunication.eu/wp-content/uploads/2021/02/ti_communication_EXPERT_-_Stephan_Hild_-DE-komprimiert.mp4">https://www.ticommunication.eu/wp-content/uploads/2021/02/ti_communication_EXPERT_-_Stephan_Hild_-DE-komprimiert.mp4</a></video></div>

<p>„Wer sich seiner eigenkulturellen Prägung bewusst ist, hat 90% des Weges zu einer universellen interkulturellen Kompetenz zurückgelegt.” Stephan Hild verfügt über 25 Jahre Berufserfahrung als Diplom-Kaufmann<span class="excerpt-hellip"> […]</span></p>

<!-- This site is optimized with the Yoast SEO plugin v27.3 - https://yoast.com/product/yoast-seo-wordpress/ -->
<title>Stephan Emanuel Hild - ticommunication</title>
<meta name="robots" content="index, follow, max-snippet:-1, max-image-preview:large, max-video-preview:-1" />
<link rel="canonical" href="https://www.ticommunication.eu/de/expert/stephan-hild/" />
<meta property="og:locale" content="de_DE" />
<meta property="og:type" content="article" />
<meta property="og:title" content="Stephan Emanuel Hild - ticommunication" />
<meta property="og:description" content="„Wer sich seiner eigenkulturellen Prägung bewusst ist, hat 90% des Weges zu einer universellen interkulturellen Kompetenz zurückgelegt.” Stephan Hild verfügt über 25 Jahre Berufserfahrung als Diplom-Kaufmann […]" />
<meta property="og:url" content="https://www.ticommunication.eu/de/expert/stephan-hild/" />
<meta property="og:site_name" content="ticommunication" />
<meta property="article:modified_time" content="2025-05-02T11:01:56+00:00" />
<meta property="og:image" content="https://www.ticommunication.eu/wp-content/uploads/2021/03/Stephan-Hild-hochkant.png" />
	<meta property="og:image:width" content="500" />
	<meta property="og:image:height" content="700" />
	<meta property="og:image:type" content="image/png" />
<meta name="twitter:card" content="summary_large_image" />
<meta name="twitter:label1" content="Geschätzte Lesezeit" />
	<meta name="twitter:data1" content="2 Minuten" />
<script type="application/ld+json" class="yoast-schema-graph">{"@context":"https:\/\/schema.org","@graph":[{"@type":"WebPage","@id":"https:\/\/www.ticommunication.eu\/de\/expert\/stephan-hild\/","url":"https:\/\/www.ticommunication.eu\/de\/expert\/stephan-hild\/","name":"Stephan Emanuel Hild - ticommunication","isPartOf":{"@id":"https:\/\/https\/\/www.ticommunication.eu\/de\/de\/#website"},"primaryImageOfPage":{"@id":"https:\/\/www.ticommunication.eu\/de\/expert\/stephan-hild\/#primaryimage"},"image":{"@id":"https:\/\/www.ticommunication.eu\/de\/expert\/stephan-hild\/#primaryimage"},"thumbnailUrl":"https:\/\/www.ticommunication.eu\/wp-content\/uploads\/2021\/03\/Stephan-Hild-hochkant.png","datePublished":"2021-02-26T09:58:32+00:00","dateModified":"2025-05-02T11:01:56+00:00","breadcrumb":{"@id":"https:\/\/www.ticommunication.eu\/de\/expert\/stephan-hild\/#breadcrumb"},"inLanguage":"de","potentialAction":[{"@type":"ReadAction","target":["https:\/\/www.ticommunication.eu\/de\/expert\/stephan-hild\/"]}]},{"@type":"ImageObject","inLanguage":"de","@id":"https:\/\/www.ticommunication.eu\/de\/expert\/stephan-hild\/#primaryimage","url":"https:\/\/www.ticommunication.eu\/wp-content\/uploads\/2021\/03\/Stephan-Hild-hochkant.png","contentUrl":"https:\/\/www.ticommunication.eu\/wp-content\/uploads\/2021\/03\/Stephan-Hild-hochkant.png","width":500,"height":700},{"@type":"BreadcrumbList","@id":"https:\/\/www.ticommunication.eu\/de\/expert\/stephan-hild\/#breadcrumb","itemListElement":[{"@type":"ListItem","position":1,"name":"Startseite","item":"https:\/\/www.ticommunication.eu\/de\/"},{"@type":"ListItem","position":2,"name":"Stephan Emanuel Hild"}]},{"@type":"WebSite","@id":"https:\/\/https\/\/www.ticommunication.eu\/de\/de\/#website","url":"https:\/\/https\/\/www.ticommunication.eu\/de\/de\/","name":"ticommunication","description":"think inclusively","potentialAction":[{"@type":"SearchAction","target":{"@type":"EntryPoint","urlTemplate":"https:\/\/https\/\/www.ticommunication.eu\/de\/de\/?s={search_term_string}"},"query-input":{"@type":"PropertyValueSpecification","valueRequired":true,"valueName":"search_term_string"}}],"inLanguage":"de"}]}</script>
<!-- / Yoast SEO plugin. -->

„Wer sich seiner eigenkulturellen Prägung bewusst ist, hat 90% des Weges zu einer universellen interkulturellen Kompetenz zurückgelegt.” Stephan Hild verfügt über 25 Jahre Berufserfahrung als Diplom-Kaufmann […]
